{"id":1526,"date":"2023-10-30T16:01:47","date_gmt":"2023-10-30T16:01:47","guid":{"rendered":"https:\/\/partnership.gjh.sk\/?page_id=1526"},"modified":"2023-11-20T12:26:16","modified_gmt":"2023-11-20T12:26:16","slug":"about-project-slovak","status":"publish","type":"page","link":"https:\/\/partnership.gjh.sk\/?page_id=1526&lang=sk","title":{"rendered":"O projekte"},"content":{"rendered":"\t\t<div data-elementor-type=\"wp-page\" data-elementor-id=\"1526\" class=\"elementor elementor-1526\">\n\t\t\t\t\t\t\t<div class=\"elementor-element elementor-element-de75f85 e-flex e-con-boxed e-con e-parent\" data-id=\"de75f85\" data-element_type=\"container\" data-settings=\"{&quot;content_width&quot;:&quot;boxed&quot;}\" data-core-v316-plus=\"true\">\n\t\t\t\t\t<div class=\"e-con-inner\">\n\t\t\t\t\t<\/div>\n\t\t\t\t<\/div>\n\t\t<div class=\"elementor-element elementor-element-b73fe91 e-flex e-con-boxed e-con e-parent\" data-id=\"b73fe91\" data-element_type=\"container\" data-settings=\"{&quot;content_width&quot;:&quot;boxed&quot;}\" data-core-v316-plus=\"true\">\n\t\t\t\t\t<div class=\"e-con-inner\">\n\t\t\t\t<div class=\"elementor-element elementor-element-c1578ff elementor-widget elementor-widget-heading\" data-id=\"c1578ff\" data-element_type=\"widget\" data-widget_type=\"heading.default\">\n\t\t\t\t<div class=\"elementor-widget-container\">\n\t\t\t<style>\/*! elementor - v3.17.0 - 08-11-2023 *\/\n.elementor-heading-title{padding:0;margin:0;line-height:1}.elementor-widget-heading .elementor-heading-title[class*=elementor-size-]>a{color:inherit;font-size:inherit;line-height:inherit}.elementor-widget-heading .elementor-heading-title.elementor-size-small{font-size:15px}.elementor-widget-heading .elementor-heading-title.elementor-size-medium{font-size:19px}.elementor-widget-heading .elementor-heading-title.elementor-size-large{font-size:29px}.elementor-widget-heading .elementor-heading-title.elementor-size-xl{font-size:39px}.elementor-widget-heading .elementor-heading-title.elementor-size-xxl{font-size:59px}<\/style><h2 class=\"elementor-heading-title elementor-size-default\">O projekte<\/h2>\t\t<\/div>\n\t\t\t\t<\/div>\n\t\t\t\t\t<\/div>\n\t\t\t\t<\/div>\n\t\t<div class=\"elementor-element elementor-element-b2d563d e-flex e-con-boxed e-con e-parent\" data-id=\"b2d563d\" data-element_type=\"container\" data-settings=\"{&quot;content_width&quot;:&quot;boxed&quot;}\" data-core-v316-plus=\"true\">\n\t\t\t\t\t<div class=\"e-con-inner\">\n\t\t\t\t<div class=\"elementor-element elementor-element-aeedbf8 elementor-widget-mobile__width-inherit elementor-widget elementor-widget-text-editor\" data-id=\"aeedbf8\" data-element_type=\"widget\" data-widget_type=\"text-editor.default\">\n\t\t\t\t<div class=\"elementor-widget-container\">\n\t\t\t<style>\/*! elementor - v3.17.0 - 08-11-2023 *\/\n.elementor-widget-text-editor.elementor-drop-cap-view-stacked .elementor-drop-cap{background-color:#69727d;color:#fff}.elementor-widget-text-editor.elementor-drop-cap-view-framed .elementor-drop-cap{color:#69727d;border:3px solid;background-color:transparent}.elementor-widget-text-editor:not(.elementor-drop-cap-view-default) .elementor-drop-cap{margin-top:8px}.elementor-widget-text-editor:not(.elementor-drop-cap-view-default) .elementor-drop-cap-letter{width:1em;height:1em}.elementor-widget-text-editor .elementor-drop-cap{float:left;text-align:center;line-height:1;font-size:50px}.elementor-widget-text-editor .elementor-drop-cap-letter{display:inline-block}<\/style>\t\t\t\t<p>Cie\u013eom projektu bolo posilni\u0165 bilater\u00e1lne vz\u0165ahy Islandu a Slovenska vytvoren\u00edm partnerstva medzi<span style=\"font-style: inherit; font-weight: inherit; background-color: var(--ast-global-color-5); color: var(--ast-global-color-3);\">islandskou a slovenskou \u0161kolou, t.j. Menntask\u00f3linn \u00ed Reykjav\u00edk a Spojenou \u0161kolou Novohradsk\u00e1.&nbsp;<\/span><span style=\"font-style: inherit; font-weight: inherit; color: var(--ast-global-color-3); background-color: var(--ast-global-color-5);\">U\u010ditelia pr\u00edrodovedn\u00fdch predmetov oboch \u0161k\u00f4l sa stretli a diskutovali o podmienkach a z\u00e1ludnostiach&nbsp;<\/span><span style=\"font-style: inherit; font-weight: inherit; color: var(--ast-global-color-3); background-color: var(--ast-global-color-5);\">vyu\u010dovania pr\u00edrodn\u00fdch vied, konkr\u00e9tne biol\u00f3gie, ch\u00e9mie a fyziky v 21. storo\u010d\u00ed, kedy s\u00fa inov\u00e1cie a&nbsp;<\/span><span style=\"font-style: inherit; font-weight: inherit; color: var(--ast-global-color-3); background-color: var(--ast-global-color-5);\">inteligentn\u00e9 rie\u0161enia \u0161etrn\u00e9 k \u017eivotn\u00e9mu prostrediu jadrom celosvetovej diskusie. N\u00e1v\u0161teva&nbsp;<\/span><span style=\"font-style: inherit; font-weight: inherit; color: var(--ast-global-color-3); background-color: var(--ast-global-color-5);\">slovensk\u00fdch u\u010dite\u013eov islandskej \u0161koly poskytla platformu na v\u00fdmenu know-how, v\u010faka ktor\u00e9mu&nbsp;<\/span><span style=\"font-style: inherit; font-weight: inherit; color: var(--ast-global-color-3); background-color: var(--ast-global-color-5);\">prebehn\u00fa\u0165 ve\u013emi potrebn\u00e1 reflexia a zlep\u0161enie celkovej kvality vzdel\u00e1vania a odbornej pr\u00edpravy na&nbsp;<\/span><span style=\"font-style: inherit; font-weight: inherit; color: var(--ast-global-color-3); background-color: var(--ast-global-color-5);\">\u00farovni vy\u0161\u0161ieho stredo\u0161kolsk\u00e9ho a vysoko\u0161kolsk\u00e9ho vzdel\u00e1vania na Islande a na Slovensku. V&nbsp;<\/span><span style=\"font-style: inherit; font-weight: inherit; color: var(--ast-global-color-3); background-color: var(--ast-global-color-5);\">neposlednom rade bolo cie\u013eom projektu aj zlep\u0161enie vz\u00e1jomn\u00e9ho poznania a porozumenia medzi&nbsp;<\/span><span style=\"font-style: inherit; font-weight: inherit; color: var(--ast-global-color-3); background-color: var(--ast-global-color-5);\">Islandom a Slovenskom.<\/span><\/p>\t\t\t\t\t\t<\/div>\n\t\t\t\t<\/div>\n\t\t\t\t\t<\/div>\n\t\t\t\t<\/div>\n\t\t\t\t\t\t\t<\/div>\n\t\t","protected":false},"excerpt":{"rendered":"<p>O projekte Cie\u013eom projektu bolo posilni\u0165 bilater\u00e1lne vz\u0165ahy Islandu a Slovenska vytvoren\u00edm partnerstva medziislandskou a slovenskou \u0161kolou, t.j. Menntask\u00f3linn \u00ed Reykjav\u00edk a Spojenou \u0161kolou Novohradsk\u00e1.&nbsp;U\u010ditelia pr\u00edrodovedn\u00fdch predmetov oboch \u0161k\u00f4l sa stretli a diskutovali o podmienkach a z\u00e1ludnostiach&nbsp;vyu\u010dovania pr\u00edrodn\u00fdch vied, konkr\u00e9tne biol\u00f3gie, ch\u00e9mie a fyziky v 21. storo\u010d\u00ed, kedy s\u00fa inov\u00e1cie a&nbsp;inteligentn\u00e9 rie\u0161enia \u0161etrn\u00e9 k \u017eivotn\u00e9mu &hellip;<\/p>\n<p class=\"read-more\"> <a class=\"\" href=\"https:\/\/partnership.gjh.sk\/?page_id=1526&#038;lang=sk\"> <span class=\"screen-reader-text\">O projekte<\/span> Read More &raquo;<\/a><\/p>\n","protected":false},"author":1,"featured_media":0,"parent":0,"menu_order":2,"comment_status":"closed","ping_status":"closed","template":"","meta":{"site-sidebar-layout":"no-sidebar","site-content-layout":"page-builder","ast-site-content-layout":"full-width-container","site-content-style":"unboxed","site-sidebar-style":"unboxed","ast-global-header-display":"","ast-banner-title-visibility":"","ast-main-header-display":"","ast-hfb-above-header-display":"","ast-hfb-below-header-display":"","ast-hfb-mobile-header-display":"","site-post-title":"disabled","ast-breadcrumbs-content":"","ast-featured-img":"disabled","footer-sml-layout":"","theme-transparent-header-meta":"enabled","adv-header-id-meta":"","stick-header-meta":"","header-above-stick-meta":"","header-main-stick-meta":"","header-below-stick-meta":"","astra-migrate-meta-layouts":"set","footnotes":""},"class_list":["post-1526","page","type-page","status-publish","hentry"],"_links":{"self":[{"href":"https:\/\/partnership.gjh.sk\/index.php?rest_route=\/wp\/v2\/pages\/1526","targetHints":{"allow":["GET"]}}],"collection":[{"href":"https:\/\/partnership.gjh.sk\/index.php?rest_route=\/wp\/v2\/pages"}],"about":[{"href":"https:\/\/partnership.gjh.sk\/index.php?rest_route=\/wp\/v2\/types\/page"}],"author":[{"embeddable":true,"href":"https:\/\/partnership.gjh.sk\/index.php?rest_route=\/wp\/v2\/users\/1"}],"replies":[{"embeddable":true,"href":"https:\/\/partnership.gjh.sk\/index.php?rest_route=%2Fwp%2Fv2%2Fcomments&post=1526"}],"version-history":[{"count":12,"href":"https:\/\/partnership.gjh.sk\/index.php?rest_route=\/wp\/v2\/pages\/1526\/revisions"}],"predecessor-version":[{"id":1881,"href":"https:\/\/partnership.gjh.sk\/index.php?rest_route=\/wp\/v2\/pages\/1526\/revisions\/1881"}],"wp:attachment":[{"href":"https:\/\/partnership.gjh.sk\/index.php?rest_route=%2Fwp%2Fv2%2Fmedia&parent=1526"}],"curies":[{"name":"wp","href":"https:\/\/api.w.org\/{rel}","templated":true}]}}