{"id":1319,"date":"2021-11-21T15:14:19","date_gmt":"2021-11-21T15:14:19","guid":{"rendered":"https:\/\/partnership.gjh.sk\/about\/"},"modified":"2023-11-20T12:26:15","modified_gmt":"2023-11-20T12:26:15","slug":"about","status":"publish","type":"page","link":"https:\/\/partnership.gjh.sk\/?page_id=1319","title":{"rendered":"About project"},"content":{"rendered":"\t\t<div data-elementor-type=\"wp-page\" data-elementor-id=\"1319\" class=\"elementor elementor-1319\">\n\t\t\t\t\t\t\t<div class=\"elementor-element elementor-element-de75f85 e-flex e-con-boxed e-con e-parent\" data-id=\"de75f85\" data-element_type=\"container\" data-settings=\"{&quot;content_width&quot;:&quot;boxed&quot;}\" data-core-v316-plus=\"true\">\n\t\t\t\t\t<div class=\"e-con-inner\">\n\t\t\t\t\t<\/div>\n\t\t\t\t<\/div>\n\t\t<div class=\"elementor-element elementor-element-b73fe91 e-flex e-con-boxed e-con e-parent\" data-id=\"b73fe91\" data-element_type=\"container\" data-settings=\"{&quot;content_width&quot;:&quot;boxed&quot;}\" data-core-v316-plus=\"true\">\n\t\t\t\t\t<div class=\"e-con-inner\">\n\t\t\t\t<div class=\"elementor-element elementor-element-c1578ff elementor-widget elementor-widget-heading\" data-id=\"c1578ff\" data-element_type=\"widget\" data-widget_type=\"heading.default\">\n\t\t\t\t<div class=\"elementor-widget-container\">\n\t\t\t<style>\/*! elementor - v3.17.0 - 08-11-2023 *\/\n.elementor-heading-title{padding:0;margin:0;line-height:1}.elementor-widget-heading .elementor-heading-title[class*=elementor-size-]>a{color:inherit;font-size:inherit;line-height:inherit}.elementor-widget-heading .elementor-heading-title.elementor-size-small{font-size:15px}.elementor-widget-heading .elementor-heading-title.elementor-size-medium{font-size:19px}.elementor-widget-heading .elementor-heading-title.elementor-size-large{font-size:29px}.elementor-widget-heading .elementor-heading-title.elementor-size-xl{font-size:39px}.elementor-widget-heading .elementor-heading-title.elementor-size-xxl{font-size:59px}<\/style><h2 class=\"elementor-heading-title elementor-size-default\">About project<\/h2>\t\t<\/div>\n\t\t\t\t<\/div>\n\t\t\t\t\t<\/div>\n\t\t\t\t<\/div>\n\t\t<div class=\"elementor-element elementor-element-b2d563d e-flex e-con-boxed e-con e-parent\" data-id=\"b2d563d\" data-element_type=\"container\" data-settings=\"{&quot;content_width&quot;:&quot;boxed&quot;}\" data-core-v316-plus=\"true\">\n\t\t\t\t\t<div class=\"e-con-inner\">\n\t\t\t\t<div class=\"elementor-element elementor-element-aeedbf8 elementor-widget-mobile__width-inherit elementor-widget elementor-widget-text-editor\" data-id=\"aeedbf8\" data-element_type=\"widget\" data-widget_type=\"text-editor.default\">\n\t\t\t\t<div class=\"elementor-widget-container\">\n\t\t\t<style>\/*! elementor - v3.17.0 - 08-11-2023 *\/\n.elementor-widget-text-editor.elementor-drop-cap-view-stacked .elementor-drop-cap{background-color:#69727d;color:#fff}.elementor-widget-text-editor.elementor-drop-cap-view-framed .elementor-drop-cap{color:#69727d;border:3px solid;background-color:transparent}.elementor-widget-text-editor:not(.elementor-drop-cap-view-default) .elementor-drop-cap{margin-top:8px}.elementor-widget-text-editor:not(.elementor-drop-cap-view-default) .elementor-drop-cap-letter{width:1em;height:1em}.elementor-widget-text-editor .elementor-drop-cap{float:left;text-align:center;line-height:1;font-size:50px}.elementor-widget-text-editor .elementor-drop-cap-letter{display:inline-block}<\/style>\t\t\t\t<p>The project&#8217;s objective was to strengthen bilateral relations of Iceland and Slovakia by forming a partnership between an Icelandic and a Slovak school, i.e. Menntask\u00f3linn \u00ed Reykjav\u00edk and Spojen\u00e1 \u0161kola Novohradsk\u00e1. Science teachers of both schools met and discussed the conditions and ins and outs of teaching Science, specifically Biology, Chemistry, and Physics in the 21st century where environment-friendly innovations and smart solutions are the crux of a global discussion. The Slovak teachers\u2019 visit to Iceland provided a platform for exchanging know-how. Thus, much needed reflection and improvement of overall quality of education and training at upper-secondary and higher education level in Iceland and Slovakia can be facilitated. Last but not least, the project\u2019s objective was also to improve mutual knowledge and understanding between Iceland and Slovakia.<br><\/p>\t\t\t\t\t\t<\/div>\n\t\t\t\t<\/div>\n\t\t\t\t\t<\/div>\n\t\t\t\t<\/div>\n\t\t\t\t\t\t\t<\/div>\n\t\t","protected":false},"excerpt":{"rendered":"<p>About project The project&#8217;s objective was to strengthen bilateral relations of Iceland and Slovakia by forming a partnership between an Icelandic and a Slovak school, i.e. Menntask\u00f3linn \u00ed Reykjav\u00edk and Spojen\u00e1 \u0161kola Novohradsk\u00e1. Science teachers of both schools met and discussed the conditions and ins and outs of teaching Science, specifically Biology, Chemistry, and Physics &hellip;<\/p>\n<p class=\"read-more\"> <a class=\"\" href=\"https:\/\/partnership.gjh.sk\/?page_id=1319\"> <span class=\"screen-reader-text\">About project<\/span> Read More &raquo;<\/a><\/p>\n","protected":false},"author":1,"featured_media":0,"parent":0,"menu_order":2,"comment_status":"closed","ping_status":"closed","template":"","meta":{"site-sidebar-layout":"no-sidebar","site-content-layout":"page-builder","ast-site-content-layout":"full-width-container","site-content-style":"unboxed","site-sidebar-style":"unboxed","ast-global-header-display":"","ast-banner-title-visibility":"","ast-main-header-display":"","ast-hfb-above-header-display":"","ast-hfb-below-header-display":"","ast-hfb-mobile-header-display":"","site-post-title":"disabled","ast-breadcrumbs-content":"","ast-featured-img":"disabled","footer-sml-layout":"","theme-transparent-header-meta":"enabled","adv-header-id-meta":"","stick-header-meta":"","header-above-stick-meta":"","header-main-stick-meta":"","header-below-stick-meta":"","astra-migrate-meta-layouts":"set","footnotes":""},"class_list":["post-1319","page","type-page","status-publish","hentry"],"_links":{"self":[{"href":"https:\/\/partnership.gjh.sk\/index.php?rest_route=\/wp\/v2\/pages\/1319","targetHints":{"allow":["GET"]}}],"collection":[{"href":"https:\/\/partnership.gjh.sk\/index.php?rest_route=\/wp\/v2\/pages"}],"about":[{"href":"https:\/\/partnership.gjh.sk\/index.php?rest_route=\/wp\/v2\/types\/page"}],"author":[{"embeddable":true,"href":"https:\/\/partnership.gjh.sk\/index.php?rest_route=\/wp\/v2\/users\/1"}],"replies":[{"embeddable":true,"href":"https:\/\/partnership.gjh.sk\/index.php?rest_route=%2Fwp%2Fv2%2Fcomments&post=1319"}],"version-history":[{"count":40,"href":"https:\/\/partnership.gjh.sk\/index.php?rest_route=\/wp\/v2\/pages\/1319\/revisions"}],"predecessor-version":[{"id":1883,"href":"https:\/\/partnership.gjh.sk\/index.php?rest_route=\/wp\/v2\/pages\/1319\/revisions\/1883"}],"wp:attachment":[{"href":"https:\/\/partnership.gjh.sk\/index.php?rest_route=%2Fwp%2Fv2%2Fmedia&parent=1319"}],"curies":[{"name":"wp","href":"https:\/\/api.w.org\/{rel}","templated":true}]}}